culate the greatest common factor of 243 and 216.
27
What is the greatest common factor of 4950 and 22?
22
Calculate the highest common factor of 250 and 200.
50
What is the greatest common factor of 560 and 175?
35
What is the highest common factor of 95 and 380?
95
Calculate the highest common factor of 65 and 65.
65
Calculate the greatest common divisor of 28 and 175.
7
What is the highest common factor of 444 and 2812?
148
Calculate the highest common factor of 23 and 529.
23
Calculate the highest common factor of 174 and 1653.
87
What is the highest common divisor of 5 and 155?
5
What is the greatest common divisor of 22 and 4829?
11
Calculate the highest common factor of 518 and 148.
74
Calculate the highest common factor of 25340 and 980.
140
What is the greatest common divisor of 16 and 136?
8
What is the highest common factor of 1530 and 180?
90
What is the greatest common factor of 4 and 7364?
4
Calculate the highest common divisor of 1073 and 58.
29
What is the greatest common divisor of 80 and 270?
10
What is the greatest common factor of 96 and 30?
6
Calculate the greatest common factor of 7120 and 80.
80
What is the greatest common divisor of 36 and 18?
18
What is the highest common divisor of 261 and 435?
87
What is the highest common divisor of 5976 and 72?
72
What is the greatest common divisor of 18 and 810?
18
Calculate the greatest common factor of 186 and 2635.
31
Calculate the greatest common factor of 60 and 96.
12
What is the greatest common divisor of 138 and 782?
46
Calculate the highest common divisor of 55 and 99.
11
What is the greatest common divisor of 248 and 93?
31
What is the highest common factor of 2494 and 29?
29
Calculate the greatest common divisor of 686 and 588.
98
What is the greatest common factor of 714 and 42?
42
What is the highest common divisor of 1926 and 342?
18
What is the greatest common factor of 624 and 144?
48
What is the highest common factor of 747 and 83?
83
Calculate the highest common factor of 34 and 7701.
17
Calculate the greatest common divisor of 20 and 5340.
20
Calculate the highest common divisor of 330 and 1914.
66
Calculate the highest common factor of 297 and 11.
11
Calculate the highest common divisor of 108 and 102.
6
Calculate the greatest common factor of 6 and 96.
6
What is the highest common divisor of 212 and 477?
53
What is the highest common factor of 3 and 159?
3
Calculate the greatest common divisor of 1056 and 108.
12
What is the highest common factor of 3640 and 715?
65
What is the greatest common factor of 1927 and 41?
41
What is the highest common factor of 138 and 966?
138
Calculate the greatest common factor of 506 and 138.
46
What is the greatest common factor of 390 and 4407?
39
What is the highest common divisor of 672 and 728?
56
Calculate the highest common factor of 147 and 21.
21
Calculate the greatest common divisor of 6594 and 84.
42
Calculate the greatest common factor of 720 and 15.
15
What is the greatest common factor of 45198 and 62?
62
Calculate the highest common factor of 15 and 15795.
15
What is the greatest common divisor of 84 and 21?
21
What is the greatest common divisor of 8 and 40?
8
What is the highest common factor of 56 and 64?
8
Calculate the highest common factor of 4 and 38.
2
Calculate the highest common factor of 12 and 228.
12
Calculate the highest common factor of 12247 and 37.
37
Calculate the greatest common divisor of 1787 and 1.
1
Calculate the greatest common divisor of 16 and 108.
4
What is the highest common divisor of 64 and 1376?
32
Calculate the greatest common divisor of 13536 and 96.
96
Calculate the greatest common divisor of 31 and 31.
31
What is the greatest common divisor of 748 and 132?
44
What is the highest common factor of 3 and 211?
1
Calculate the highest common divisor of 1564 and 5612.
92
Calculate the highest common divisor of 51 and 3.
3
Calculate the greatest common factor of 56 and 1316.
28
Calculate the greatest common divisor of 2704 and 64.
16
Calculate the highest common factor of 972 and 12.
12
What is the highest common divisor of 42 and 238?
14
Calculate the highest common divisor of 78176 and 224.
224
What is the highest common divisor of 273 and 156?
39
Calculate the greatest common divisor of 342 and 152.
38
What is the greatest common divisor of 324 and 12?
12
Calculate the highest common divisor of 784 and 196.
196
Calculate the greatest common divisor of 418 and 44.
22
What is the highest common divisor of 62707 and 73?
73
Calculate the greatest common factor of 8 and 470.
2
Calculate the greatest common factor of 24 and 2272.
8
Calculate the highest common factor of 376 and 16.
8
What is the highest common factor of 52 and 39?
13
What is the greatest common divisor of 18 and 1521?
9
Calculate the highest common factor of 246 and 6.
6
What is the greatest common divisor of 96 and 132?
12
Calculate the highest common factor of 980 and 20.
20
Calculate the highest common divisor of 70 and 5280.
10
Calculate the greatest common divisor of 7338 and 6.
6
What is the highest common factor of 399 and 1425?
57
What is the greatest common divisor of 333 and 126?
9
What is the highest common factor of 285 and 80?
5
Calculate the highest common divisor of 2896 and 6.
2
Calculate the greatest common factor of 828 and 736.
92
What is the highest common divisor of 498 and 42?
6
Calculate the highest common divisor of 2799 and 9.
9
Calculate the greatest common divisor of 8 and 88.
8
What is the greatest common divisor of 341 and 55?
11
What is the greatest common divisor of 341 and 31?
31
Calculate the greatest common divisor of 21 and 27.
3
Calculate the greatest common factor of 517 and 4277.
47
What is the greatest common divisor of 1134 and 1386?
126
Calculate the greatest common divisor of 183 and 17690.
61
Calculate the greatest common divisor of 14 and 10.
2
What is the greatest common divisor of 209 and 76?
19
Calculate the greatest common factor of 58 and 145.
29
Calculate the highest common divisor of 1080 and 200.
40
Calculate the highest common divisor of 987 and 1269.
141
Calculate the greatest common divisor of 354 and 144.
6
What is the greatest common divisor of 1441 and 1179?
131
Calculate the greatest common divisor of 26 and 78.
26
What is the greatest common factor of 83 and 10624?
83
Calculate the greatest common factor of 720 and 18.
18
What is the greatest common divisor of 7 and 4?
1
Calculate the greatest common factor of 60 and 588.
12
What is the greatest common factor of 210 and 1092?
42
What is the greatest common divisor of 708 and 12?
12
Calculate the highest common divisor of 1425 and 525.
75
Calculate the highest common divisor of 44 and 1012.
44
What is the highest common divisor of 25641 and 154?
77
What is the highest common divisor of 735 and 195?
15
Calculate the greatest common factor of 7 and 511.
7
What is the greatest common factor of 124 and 164?
4
What is the greatest common divisor of 36 and 2532?
12
Calculate the highest common divisor of 136 and 19652.
68
What is the greatest common factor of 608 and 114?
38
What is the greatest common divisor of 119 and 3451?
119
What is the greatest common divisor of 731 and 34?
17
Calculate the greatest common factor of 6 and 180.
6
What is the greatest common factor of 2805 and 495?
165
What is the greatest common divisor of 3 and 447?
3
Calculate the highest common factor of 27 and 7.
1
What is the highest common divisor of 52 and 65?
13
Calculate the greatest common divisor of 176 and 2904.
88
Calculate the highest common divisor of 102 and 7038.
102
What is the highest common divisor of 24 and 42?
6
Calculate the greatest common factor of 30 and 1130.
10
Calculate the highest common factor of 129 and 172.
43
What is the greatest common divisor of 106 and 9381?
53
What is the greatest common factor of 6407 and 298?
149
Calculate the greatest common factor of 16 and 1648.
16
What is the greatest common factor of 200 and 275?
25
What is the greatest common factor of 124 and 14291?
31
What is the greatest common divisor of 26 and 1222?
26
Calculate the greatest common factor of 580 and 116.
116
What is the greatest common divisor of 109 and 37823?
109
Calculate the greatest common divisor of 77 and 14.
7
Calcula